{"id":816,"date":"2023-06-15T17:41:51","date_gmt":"2023-06-15T16:41:51","guid":{"rendered":"https:\/\/game-zone-hammamlif.com\/?post_type=product&#038;p=816"},"modified":"2025-08-12T07:36:39","modified_gmt":"2025-08-12T06:36:39","slug":"tiktok-70-pieces","status":"publish","type":"product","link":"https:\/\/game-zone-hammamlif.com\/index.php\/product\/tiktok-70-pieces\/","title":{"rendered":"TIKTOK 70 Pi\u00e8ces"},"content":{"rendered":"<p>pour acheter des pi\u00e8ces Tiktok, les utilisateurs peuvent les acheter directement \u00e0 partir de l&rsquo;application. Ils peuvent \u00e9galement acheter des pi\u00e8ces dans le magasin Tiktok, qui est le magasin officiel de Tiktok. De plus, les utilisateurs peuvent \u00e9galement acheter des pi\u00e8ces via des plateformes tierces telles que PayPal. Une fois que les utilisateurs ont achet\u00e9 des pi\u00e8ces Tiktok, ils peuvent ensuite les utiliser pour acheter des cadeaux virtuels pour d&rsquo;autres utilisateurs sur la plate-forme. Ces cadeaux peuvent inclure des emojis, des autocollants et d&rsquo;autres \u00e9l\u00e9ments virtuels. Les utilisateurs peuvent \u00e9galement utiliser les pi\u00e8ces pour augmenter leurs vid\u00e9os, ce qui aidera \u00e0 accro\u00eetre leur popularit\u00e9 sur la plate-forme.<\/p>\n","protected":false},"excerpt":{"rendered":"<p>pour acheter des pi\u00e8ces Tiktok, les utilisateurs peuvent les acheter directement \u00e0 partir de l&rsquo;application. Ils peuvent \u00e9galement acheter des&#8230;<\/p>\n","protected":false},"featured_media":862,"comment_status":"open","ping_status":"closed","template":"","meta":{"mstoreapp_likes":0},"product_cat":[136,103],"product_tag":[],"_links":{"self":[{"href":"https:\/\/game-zone-hammamlif.com\/index.php\/wp-json\/wp\/v2\/product\/816"}],"collection":[{"href":"https:\/\/game-zone-hammamlif.com\/index.php\/wp-json\/wp\/v2\/product"}],"about":[{"href":"https:\/\/game-zone-hammamlif.com\/index.php\/wp-json\/wp\/v2\/types\/product"}],"replies":[{"embeddable":true,"href":"https:\/\/game-zone-hammamlif.com\/index.php\/wp-json\/wp\/v2\/comments?post=816"}],"wp:featuredmedia":[{"embeddable":true,"href":"https:\/\/game-zone-hammamlif.com\/index.php\/wp-json\/wp\/v2\/media\/862"}],"wp:attachment":[{"href":"https:\/\/game-zone-hammamlif.com\/index.php\/wp-json\/wp\/v2\/media?parent=816"}],"wp:term":[{"taxonomy":"product_cat","embeddable":true,"href":"https:\/\/game-zone-hammamlif.com\/index.php\/wp-json\/wp\/v2\/product_cat?post=816"},{"taxonomy":"product_tag","embeddable":true,"href":"https:\/\/game-zone-hammamlif.com\/index.php\/wp-json\/wp\/v2\/product_tag?post=816"}],"curies":[{"name":"wp","href":"https:\/\/api.w.org\/{rel}","templated":true}]}}