{"id":741,"date":"2022-11-24T16:57:24","date_gmt":"2022-11-24T15:57:24","guid":{"rendered":"https:\/\/game-zone-hammamlif.com\/?post_type=product&#038;p=741"},"modified":"2025-05-29T10:43:43","modified_gmt":"2025-05-29T09:43:43","slug":"legendes-mobiles-bang-bang-355-diamants-mobile","status":"publish","type":"product","link":"https:\/\/game-zone-hammamlif.com\/index.php\/product\/legendes-mobiles-bang-bang-355-diamants-mobile\/","title":{"rendered":"L\u00e9gendes mobiles : Bang Bang 355 diamants (Mobile)"},"content":{"rendered":"<p>Rejoignez vos amis dans une toute nouvelle confrontation MOBA 5v5 contre de vrais adversaires humains,\u00a0<b>Mobile Legends: Bang Bang (Mobile)<\/b>\u00a0!\u00a0Choisissez vos h\u00e9ros pr\u00e9f\u00e9r\u00e9s et formez l&rsquo;\u00e9quipe parfaite avec vos compagnons d&rsquo;armes !\u00a0Matchmaking de 10 secondes, batailles de 10 minutes.\u00a0Laning, jungling, tower rushing, combats d&rsquo;\u00e9quipe, tout le plaisir des PC MOBA et des jeux d&rsquo;action dans la paume de votre main !\u00a0Nourrissez votre esprit eSport !<\/p>\n","protected":false},"excerpt":{"rendered":"<p>\u00c0 PROPOS DES L\u00c9GENDES MOBILES BANG BANG (MOONTON) \u2013 MONDIAL<br \/>\nDans Mobile Legends Bang Bang, deux \u00e9quipes de cinq se battent sur une carte. Le but des deux \u00e9quipes est de prot\u00e9ger leur propre base et de d\u00e9truire la base de l&rsquo;\u00e9quipe adverse. Dans le jeu, chaque joueur collecte de l&rsquo;or en tuant des sbires et des cr\u00e9atures de la jungle avec le h\u00e9ros de son choix. En achetant divers \u00e9quipements avec cet or, il renforce son propre h\u00e9ros. Ainsi, il gagne un avantage en donnant un avantage \u00e0 l&rsquo;\u00e9quipe adverse. L&rsquo;\u00e9quipe qui d\u00e9truit la base de l&rsquo;\u00e9quipe adverse ou abandonne l&rsquo;\u00e9quipe adverse remporte la partie.<\/p>\n","protected":false},"featured_media":724,"comment_status":"open","ping_status":"closed","template":"","meta":{"mstoreapp_likes":0},"product_cat":[36,130],"product_tag":[],"_links":{"self":[{"href":"https:\/\/game-zone-hammamlif.com\/index.php\/wp-json\/wp\/v2\/product\/741"}],"collection":[{"href":"https:\/\/game-zone-hammamlif.com\/index.php\/wp-json\/wp\/v2\/product"}],"about":[{"href":"https:\/\/game-zone-hammamlif.com\/index.php\/wp-json\/wp\/v2\/types\/product"}],"replies":[{"embeddable":true,"href":"https:\/\/game-zone-hammamlif.com\/index.php\/wp-json\/wp\/v2\/comments?post=741"}],"wp:featuredmedia":[{"embeddable":true,"href":"https:\/\/game-zone-hammamlif.com\/index.php\/wp-json\/wp\/v2\/media\/724"}],"wp:attachment":[{"href":"https:\/\/game-zone-hammamlif.com\/index.php\/wp-json\/wp\/v2\/media?parent=741"}],"wp:term":[{"taxonomy":"product_cat","embeddable":true,"href":"https:\/\/game-zone-hammamlif.com\/index.php\/wp-json\/wp\/v2\/product_cat?post=741"},{"taxonomy":"product_tag","embeddable":true,"href":"https:\/\/game-zone-hammamlif.com\/index.php\/wp-json\/wp\/v2\/product_tag?post=741"}],"curies":[{"name":"wp","href":"https:\/\/api.w.org\/{rel}","templated":true}]}}