{"id":682,"date":"2022-10-08T21:45:12","date_gmt":"2022-10-08T20:45:12","guid":{"rendered":"https:\/\/game-zone-hammamlif.com\/?post_type=product&#038;p=682"},"modified":"2022-10-08T21:46:42","modified_gmt":"2022-10-08T20:46:42","slug":"recharge-4500-rp-league-of-legends-europe","status":"publish","type":"product","link":"https:\/\/game-zone-hammamlif.com\/index.php\/product\/recharge-4500-rp-league-of-legends-europe\/","title":{"rendered":"Recharge 4500 RP League Of Legends Europe"},"content":{"rendered":"<p>ACC\u00c9DER \u00c0 UN MONDE D&rsquo;EXP\u00c9RIENCES<\/p>\n<p>Affrontez une communaut\u00e9 mondiale de plusieurs millions de joueurs sur diff\u00e9rents champs de bataille avec Riot Games<\/p>\n","protected":false},"excerpt":{"rendered":"<p><strong>Recharge Riot Games League Of Legends &#8211; Edition Digitale<\/strong><\/p>\n<p>Recharge Riot Games League Of Legends\u00a0 est l\u2019endroit o\u00f9 obtenir vos jeux et vos codes de jeux, depuis n\u2019importe o\u00f9 et n\u2019importe quand, en ligne. Ce produit vous est propos\u00e9 avec l\u2019accord complet de l\u2019\u00e9diteur ainsi que du d\u00e9veloppeur.<\/p>\n","protected":false},"featured_media":677,"comment_status":"open","ping_status":"closed","template":"","meta":{"mstoreapp_likes":0},"product_cat":[36,127,129],"product_tag":[],"_links":{"self":[{"href":"https:\/\/game-zone-hammamlif.com\/index.php\/wp-json\/wp\/v2\/product\/682"}],"collection":[{"href":"https:\/\/game-zone-hammamlif.com\/index.php\/wp-json\/wp\/v2\/product"}],"about":[{"href":"https:\/\/game-zone-hammamlif.com\/index.php\/wp-json\/wp\/v2\/types\/product"}],"replies":[{"embeddable":true,"href":"https:\/\/game-zone-hammamlif.com\/index.php\/wp-json\/wp\/v2\/comments?post=682"}],"wp:featuredmedia":[{"embeddable":true,"href":"https:\/\/game-zone-hammamlif.com\/index.php\/wp-json\/wp\/v2\/media\/677"}],"wp:attachment":[{"href":"https:\/\/game-zone-hammamlif.com\/index.php\/wp-json\/wp\/v2\/media?parent=682"}],"wp:term":[{"taxonomy":"product_cat","embeddable":true,"href":"https:\/\/game-zone-hammamlif.com\/index.php\/wp-json\/wp\/v2\/product_cat?post=682"},{"taxonomy":"product_tag","embeddable":true,"href":"https:\/\/game-zone-hammamlif.com\/index.php\/wp-json\/wp\/v2\/product_tag?post=682"}],"curies":[{"name":"wp","href":"https:\/\/api.w.org\/{rel}","templated":true}]}}