{"id":655,"date":"2022-10-05T16:40:09","date_gmt":"2022-10-05T15:40:09","guid":{"rendered":"https:\/\/game-zone-hammamlif.com\/?post_type=product&#038;p=655"},"modified":"2025-04-12T01:32:07","modified_gmt":"2025-04-12T00:32:07","slug":"xbox-game-pass-3-mois","status":"publish","type":"product","link":"https:\/\/game-zone-hammamlif.com\/index.php\/product\/xbox-game-pass-3-mois\/","title":{"rendered":"Xbox Game Pass 3 Mois"},"content":{"rendered":"<div>1. Rendez-vous sur\u00a0<a href=\"https:\/\/microsoft.com\/redeem\" target=\"_blank\" rel=\"noopener\">microsoft.com\/redeem<\/a><br \/>\n2. R\u00e9v\u00e9lez avec pr\u00e9caution le code et saisissez-le<br \/>\n3. Commencez vos achats<\/div>\n<p>Pour cr\u00e9er un nouveau compte Microsoft ou pour lire les conditions g\u00e9n\u00e9rales compl\u00e8tes (qui peuvent \u00eatre modifi\u00e9es sans pr\u00e9avis), rendez-vous sur le site\u00a0<a href=\"https:\/\/microsoft.com\/cardterms\" target=\"_blank\" rel=\"noopener\">microsoft.com\/cardterms<\/a>.<\/p>\n","protected":false},"excerpt":{"rendered":"<p>Attention : Ce produit ne fonctionnera pas si vous avez d\u00e9j\u00e0 activ\u00e9 1 Game pass avant.<\/p>\n<p>Recevez un acc\u00e8s illimit\u00e9 \u00e0 plus de 100\u00a0jeux sur Xbox One, pour un prix mensuel peu \u00e9lev\u00e9.<\/p>\n<p>Jouez \u00e0 toute une s\u00e9rie de jeux, qu\u2019il s\u2019agisse exclusivit\u00e9s, telles que Halo, Gears of War et Fable, ou de titres Indie applaudis par la critique, comme Limbo. D\u00e9couvrez et t\u00e9l\u00e9chargez les titres auxquels vous avez toujours voulu jouer ou revisitez les favoris que vous avez manqu\u00e9s.<\/p>\n<p>Les jeux sont soigneusement s\u00e9lectionn\u00e9s en fonction des avis positifs et du degr\u00e9 de divertissement. Si vous aimez un jeu Xbox One figurant actuellement dans le catalogue et voulez l\u2019avoir, vous pouvez l\u2019acheter et \u00e9conomiser instantan\u00e9ment 20\u00a0%, et b\u00e9n\u00e9ficier de 10\u00a0% de remise suppl\u00e9mentaires sur toutes les extensions de jeu Xbox One.<\/p>\n","protected":false},"featured_media":652,"comment_status":"open","ping_status":"closed","template":"","meta":{"mstoreapp_likes":0},"product_cat":[36,126],"product_tag":[],"_links":{"self":[{"href":"https:\/\/game-zone-hammamlif.com\/index.php\/wp-json\/wp\/v2\/product\/655"}],"collection":[{"href":"https:\/\/game-zone-hammamlif.com\/index.php\/wp-json\/wp\/v2\/product"}],"about":[{"href":"https:\/\/game-zone-hammamlif.com\/index.php\/wp-json\/wp\/v2\/types\/product"}],"replies":[{"embeddable":true,"href":"https:\/\/game-zone-hammamlif.com\/index.php\/wp-json\/wp\/v2\/comments?post=655"}],"wp:featuredmedia":[{"embeddable":true,"href":"https:\/\/game-zone-hammamlif.com\/index.php\/wp-json\/wp\/v2\/media\/652"}],"wp:attachment":[{"href":"https:\/\/game-zone-hammamlif.com\/index.php\/wp-json\/wp\/v2\/media?parent=655"}],"wp:term":[{"taxonomy":"product_cat","embeddable":true,"href":"https:\/\/game-zone-hammamlif.com\/index.php\/wp-json\/wp\/v2\/product_cat?post=655"},{"taxonomy":"product_tag","embeddable":true,"href":"https:\/\/game-zone-hammamlif.com\/index.php\/wp-json\/wp\/v2\/product_tag?post=655"}],"curies":[{"name":"wp","href":"https:\/\/api.w.org\/{rel}","templated":true}]}}