{"id":390,"date":"2022-07-01T18:38:30","date_gmt":"2022-07-01T17:38:30","guid":{"rendered":"http:\/\/game-zone-hammamlif.com\/?post_type=product&#038;p=390"},"modified":"2022-07-22T21:56:28","modified_gmt":"2022-07-22T20:56:28","slug":"nintendo-eshop-card-10-eur","status":"publish","type":"product","link":"https:\/\/game-zone-hammamlif.com\/index.php\/product\/nintendo-eshop-card-10-eur\/","title":{"rendered":"Carte Nintendo eShop 15\u20ac &#8211; Europe"},"content":{"rendered":"<p>Code num\u00e9rique pour approvisionnement de compte Nintendo eShop<\/p>\n<p>Utilisable sur :<br \/>\n\u2022 Nintendo Switch<br \/>\net sur la version europ\u00e9enne des consoles<br \/>\n\u2022 Nintendo 3DS<br \/>\n\u2022 Nintendo 3DS XL<br \/>\n\u2022 Nintendo 2DS<br \/>\n\u2022 New Nintendo 2DS XL<br \/>\n\u2022 New Nintendo 3DS<br \/>\n\u2022 New Nintendo 3DS XL ou Wii U.<\/p>\n<p>CARTE CADEAU NINTENDO EUROP\u00c9ENNE \u2013 BOUTIQUE UE\/EUROP\u00c9ENNE Avec le code Nintendo Gift Card (EU), vous pouvez t\u00e9l\u00e9charger des jeux directement sur votre console Nintendo et les emporter partout. Vous pouvez conserver tous vos jeux au m\u00eame endroit et y acc\u00e9der instantan\u00e9ment et rester \u00e0 jour avec les derni\u00e8res mises \u00e0 jour de vos jeux pr\u00e9f\u00e9r\u00e9s.<\/p>\n<p>Ce code:<br \/>\n* ne peut \u00eatre utilis\u00e9 qu&rsquo;une seule fois et uniquement pour sa valeur totale, dans la monnaie utilis\u00e9e pour acheter le code.<br \/>\n* ne peut \u00eatre revendu, remplac\u00e9, rembours\u00e9 ou en aucune fa\u00e7on \u00e9chang\u00e9 contre de l&rsquo;argent ;<br \/>\n* ne sera pas remplac\u00e9 par Nintendo ou votre revendeur en cas de perte, de vol ou de toute autre utilisation sans votre autorisation.<\/p>\n","protected":false},"excerpt":{"rendered":"<p>Code num\u00e9rique pour approvisionnement de compte Nintendo eShop<\/p>\n","protected":false},"featured_media":444,"comment_status":"open","ping_status":"closed","template":"","meta":{"mstoreapp_likes":0},"product_cat":[36,87,92],"product_tag":[],"_links":{"self":[{"href":"https:\/\/game-zone-hammamlif.com\/index.php\/wp-json\/wp\/v2\/product\/390"}],"collection":[{"href":"https:\/\/game-zone-hammamlif.com\/index.php\/wp-json\/wp\/v2\/product"}],"about":[{"href":"https:\/\/game-zone-hammamlif.com\/index.php\/wp-json\/wp\/v2\/types\/product"}],"replies":[{"embeddable":true,"href":"https:\/\/game-zone-hammamlif.com\/index.php\/wp-json\/wp\/v2\/comments?post=390"}],"wp:featuredmedia":[{"embeddable":true,"href":"https:\/\/game-zone-hammamlif.com\/index.php\/wp-json\/wp\/v2\/media\/444"}],"wp:attachment":[{"href":"https:\/\/game-zone-hammamlif.com\/index.php\/wp-json\/wp\/v2\/media?parent=390"}],"wp:term":[{"taxonomy":"product_cat","embeddable":true,"href":"https:\/\/game-zone-hammamlif.com\/index.php\/wp-json\/wp\/v2\/product_cat?post=390"},{"taxonomy":"product_tag","embeddable":true,"href":"https:\/\/game-zone-hammamlif.com\/index.php\/wp-json\/wp\/v2\/product_tag?post=390"}],"curies":[{"name":"wp","href":"https:\/\/api.w.org\/{rel}","templated":true}]}}