{"id":296,"date":"2022-06-21T18:07:04","date_gmt":"2022-06-21T17:07:04","guid":{"rendered":"http:\/\/game-zone-hammamlif.com\/?post_type=product&#038;p=296"},"modified":"2025-05-31T03:46:55","modified_gmt":"2025-05-31T02:46:55","slug":"xbox-live-gold-subscription-card-1-month","status":"publish","type":"product","link":"https:\/\/game-zone-hammamlif.com\/index.php\/product\/xbox-live-gold-subscription-card-1-month\/","title":{"rendered":"Xbox Live GOLD Subscription Card 1 Month USA"},"content":{"rendered":"<p>La carte d&rsquo;abonnement Xbox Live Gold est votre cl\u00e9 pour acc\u00e9der au monde du divertissement Microsoft. Gr\u00e2ce \u00e0 cette carte vous pourrez profiter de tous les privil\u00e8ges du compte or. Ceux-ci incluent non seulement l&rsquo;acc\u00e8s \u00e0 l&rsquo;un des r\u00e9seaux sociaux les plus robustes de l&rsquo;industrie du jeu, mais \u00e9galement des jeux \u00e0 prix r\u00e9duit, des offres gratuites exclusives et l&rsquo;exp\u00e9rience multijoueur. Vous n&rsquo;aurez pas \u00e0 vous soucier de manquer la sortie de votre titre pr\u00e9f\u00e9r\u00e9, de perdre le contact avec des amis que vous avez rencontr\u00e9s lors d&rsquo;un match intense ou de ne pas avoir assez de fonds pour acheter un classique intemporel.<\/p>\n","protected":false},"excerpt":{"rendered":"<p>La carte d&rsquo;abonnement Xbox Live Gold est votre cl\u00e9 pour acc\u00e9der au monde du divertissement Microsoft. Gr\u00e2ce \u00e0 cette carte vous pourrez profiter de tous les privil\u00e8ges du compte or. Ceux-ci incluent non seulement l&rsquo;acc\u00e8s \u00e0 l&rsquo;un des r\u00e9seaux sociaux les plus robustes de l&rsquo;industrie du jeu, mais \u00e9galement des jeux \u00e0 prix r\u00e9duit, des offres gratuites exclusives et l&rsquo;exp\u00e9rience multijoueur. Vous n&rsquo;aurez pas \u00e0 vous soucier de manquer la sortie de votre titre pr\u00e9f\u00e9r\u00e9, de perdre le contact avec des amis que vous avez rencontr\u00e9s lors d&rsquo;un match intense ou de ne pas avoir assez de fonds pour acheter un classique intemporel.<\/p>\n","protected":false},"featured_media":297,"comment_status":"open","ping_status":"closed","template":"","meta":{"mstoreapp_likes":0},"product_cat":[15,86,108],"product_tag":[],"_links":{"self":[{"href":"https:\/\/game-zone-hammamlif.com\/index.php\/wp-json\/wp\/v2\/product\/296"}],"collection":[{"href":"https:\/\/game-zone-hammamlif.com\/index.php\/wp-json\/wp\/v2\/product"}],"about":[{"href":"https:\/\/game-zone-hammamlif.com\/index.php\/wp-json\/wp\/v2\/types\/product"}],"replies":[{"embeddable":true,"href":"https:\/\/game-zone-hammamlif.com\/index.php\/wp-json\/wp\/v2\/comments?post=296"}],"wp:featuredmedia":[{"embeddable":true,"href":"https:\/\/game-zone-hammamlif.com\/index.php\/wp-json\/wp\/v2\/media\/297"}],"wp:attachment":[{"href":"https:\/\/game-zone-hammamlif.com\/index.php\/wp-json\/wp\/v2\/media?parent=296"}],"wp:term":[{"taxonomy":"product_cat","embeddable":true,"href":"https:\/\/game-zone-hammamlif.com\/index.php\/wp-json\/wp\/v2\/product_cat?post=296"},{"taxonomy":"product_tag","embeddable":true,"href":"https:\/\/game-zone-hammamlif.com\/index.php\/wp-json\/wp\/v2\/product_tag?post=296"}],"curies":[{"name":"wp","href":"https:\/\/api.w.org\/{rel}","templated":true}]}}