{"id":247,"date":"2022-06-20T01:02:43","date_gmt":"2022-06-20T00:02:43","guid":{"rendered":"http:\/\/game-zone-hammamlif.com\/?post_type=product&#038;p=247"},"modified":"2022-06-21T17:29:05","modified_gmt":"2022-06-21T16:29:05","slug":"netflix-gift-card-100-tl","status":"publish","type":"product","link":"https:\/\/game-zone-hammamlif.com\/index.php\/product\/netflix-gift-card-100-tl\/","title":{"rendered":"Netflix Gift Card 100 TL"},"content":{"rendered":"<p>La carte-cadeau Netflix Turquie vous permet de recharger votre compte Netflix turc et de payer le service Netflix de mani\u00e8re s\u00fbre et pratique. Utilisez le code pour recharger votre compte avec 100 TL et d\u00e9pensez-le pour renouveler votre abonnement. Acc\u00e9dez instantan\u00e9ment \u00e0 une vari\u00e9t\u00e9 de programmes et d&rsquo;\u00e9missions Netflix originaux de haute qualit\u00e9, le tout au m\u00eame endroit.<\/p>\n","protected":false},"excerpt":{"rendered":"<p>La carte-cadeau Netflix Turquie vous permet de recharger votre compte Netflix turc et de payer le service Netflix de mani\u00e8re&#8230;<\/p>\n","protected":false},"featured_media":248,"comment_status":"open","ping_status":"closed","template":"","meta":{"mstoreapp_likes":0},"product_cat":[15,53,81],"product_tag":[],"_links":{"self":[{"href":"https:\/\/game-zone-hammamlif.com\/index.php\/wp-json\/wp\/v2\/product\/247"}],"collection":[{"href":"https:\/\/game-zone-hammamlif.com\/index.php\/wp-json\/wp\/v2\/product"}],"about":[{"href":"https:\/\/game-zone-hammamlif.com\/index.php\/wp-json\/wp\/v2\/types\/product"}],"replies":[{"embeddable":true,"href":"https:\/\/game-zone-hammamlif.com\/index.php\/wp-json\/wp\/v2\/comments?post=247"}],"wp:featuredmedia":[{"embeddable":true,"href":"https:\/\/game-zone-hammamlif.com\/index.php\/wp-json\/wp\/v2\/media\/248"}],"wp:attachment":[{"href":"https:\/\/game-zone-hammamlif.com\/index.php\/wp-json\/wp\/v2\/media?parent=247"}],"wp:term":[{"taxonomy":"product_cat","embeddable":true,"href":"https:\/\/game-zone-hammamlif.com\/index.php\/wp-json\/wp\/v2\/product_cat?post=247"},{"taxonomy":"product_tag","embeddable":true,"href":"https:\/\/game-zone-hammamlif.com\/index.php\/wp-json\/wp\/v2\/product_tag?post=247"}],"curies":[{"name":"wp","href":"https:\/\/api.w.org\/{rel}","templated":true}]}}